 -8) + 10 + -8 - 7)
62
Evaluate -8 + -58 + (-8 - (-2 + 2 - 2) - 4).
-76
What is (-3 - 0) + 11 + -26 + -13 + 36 - 12?
-7
Calculate -13 - (25 - (27 + -1)).
-12
Calculate -27 + 72 + -48 - ((2 - 6) + 53).
-52
(-22 + 65 - 17) + 4 + (1 - 6)
25
Calculate -11 + (-9 - 16 - -23 - 29).
-42
What is 7 + (-94 - -64 - -14)?
-9
What is -1 + -44 + 61 + -3 + -59?
-46
Evaluate (72 - 3) + 56 + -77.
48
Evaluate (12713 - 12830) + 51 + 1.
-65
What is the value of -26 + -4 + (10 + -1 + 2 - -5)?
-14
What is the value of (5 - (54 - (49 - 9))) + 81?
72
Evaluate -63 + 31 + (5 + -16 - -5 - (-2 - 4)).
-32
What is (-1 - 10) + (-56 - (-32 - -10)) + 25?
-20
What is the value of 23 - 1 - (-117 - (-9 - 37))?
93
What is -5 + -6 + 8 + 15 + -10 + -32?
-30
Calculate 3 + (7 - 2) + -7 - (4 - (153 + -14)).
136
What is the value of (-61 - (-150 - -63)) + -42 + 75 + 0?
59
Evaluate (17 - 24) + (-1 + 64 - (17 + -13 + -11)).
63
244 + -14 - 269 - (-18 - 0)
-21
-9 + (-81 - -243) + (-23 - (-2 - -2))
130
What is the value of -43 - -2 - (-234 + 156)?
37
Calculate 37 - (39 + -14 - 30).
42
What is the value of 7 + (9 + -47 - -40)?
9
Evaluate (26 + -15 - 2) + 57 - 33.
33
Evaluate -27 - -2 - (62 + -4 + 319 + -356).
-46
What is the value of -7 - (-13 - 21) - 55 - (-1 + 12)?
-39
What is the value of -35 - (-55 + (51 - 42))?
11
Evaluate (-1 - 1 - (21 + (0 - 34))) + 48.
59
Calculate (13 + -8 - 0) + -47 + 30 + 41.
29
What is -113 + (10 - 18) + 119?
-2
(69 - (12 - -39)) + (-42 - -1)
-23
(2 - -5) + 0 + -1 + (429 - (826 + -363))
-28
Calculate 122 + -35 + (-27 - (-43 + 11)).
92
What is the value of -15 - (-22 - (-11 + 32 + 1))?
29
Calculate 13 + 13 + (29 - 30 - -12).
37
Calculate -19 + (-84 - -71 - -33).
1
Calculate (-94 - (79 - 200)) + (1 - 14).
14
-209 + 97 + 127 - (1 - 20)
34
Evaluate -38 + (-8 - -79) + -9.
24
What is (1 - -4) + (16 + -80 - -18)?
-41
What is 7 + 49 + -83 - (-3 + 0)?
-24
Calculate -11 - ((-76 - (-6 + -2 + -6)) + 7).
44
Calculate -13 + 11 - (21 + 0).
-23
What is the value of -47 - (47 - (65 - -47)) - (-24 + 2)?
40
Calculate (-11 - 6 - (-35 + 11 + 2)) + 26.
31
Evaluate -11 + (7 - 29) + 9 + 90.
66
Evaluate -222 + 143 - (-12 - -1 - (-2 + 2 + 0)).
-68
Evaluate 4 + (3 + -115 - -11 - (-69 + 51)).
-79
-116 - (-85 + 67) - -233
135
10 + 4 + 9 + (6 - -6)
35
1 + -23 + (329 - 327) + (13 - 0)
-7
Evaluate 1 + 2 + -31 + 63 + -30 - 6.
-1
What is the value of (-19 - -23) + -56 + 14 + 0?
-38
Evaluate -3 + (6 - (-34 - (13 + -3 + -3))).
44
What is -7 + (3909 + -3868 - (-4 + (1 - -1 - 0)))?
36
What is -18 + 1 + (-141 - -143) - -12?
-3
What is (-1 + -30 - (-3 + (-7 - -6))) + -4?
-31
What is -114 - (-14 - ((7 - 14) + 4) - 5)?
-98
What is the value of 86 + (-60 - -32 - -7)?
65
-1062 + 1089 + -2 + 90
115
What is the value of 7 - (66 + -43) - (17 + 7)?
-40
Calculate 10 - (-19 - (-12 - -2 - 11 - 3)).
5
What is the value of -15 + (6 + -1 + -2 - (-24 - -32))?
-20
What is the value of -2 + 91 + 4759 + -4843?
5
What is 2 + 8 + -67 + 19 + -15 + 21 + -13?
-45
What is the value of 15 - (-11 - (-31 - (-26 + (-9 - -19) + 6)))?
5
What is the value of 43 + 50 + (2 - 110)?
-15
Evaluate -1 + 4 + (2 + -5 + 3 - (1655 + -1661)).
9
What is the value of 12 + (11 - 55 - -43)?
11
2 + -35 + -7 + (18 - 7 - 0)
-29
(3 - (2 - 2) - 1) + -1712 + 1759
49
What is 7 - (-9 - -9) - (6 + 16 + 2 + -12)?
-5
What is 27311 - 27204 - (1 + -15)?
121
What is (14 - (8 + -26 - -9)) + -21 + 32?
34
Evaluate (28 - 43) + (10 + -12 - -11 - 28).
-34
What is the value of -13 - ((-7 - (2 - 1)) + -4 + -6)?
5
What is the value of -16 + 54 + -28 - -12?
22
What is (7 - (-44 + 33 - (1 + -67 + 6))) + 15?
-27
Evaluate 0 + -42 + 144 + -277 + 117.
-58
What is -4 + 6 + 26 + (71 - 144) + 56?
11
What is the value of (-21 - 1) + -1599 + 1694 - -26?
99
What is the value of -2 - 27 - ((60 - 78) + 37)?
-48
What is -39 - (295 + -271 + (-46 - -5))?
-22
What is the value of -1 + 31 + -26 + 16?
20
Calculate -1 + 88 + (-2 + (35 - 17 - 3) - 24).
76
What is (-1 - -1) + (-2 - (-6 + 17 + -4)) - 22?
-31
Evaluate -20 + 35 + (-11 - (-4 + 3)) - 4 - -82.
83
Calculate 7 - (-39 + 18 + -32).
60
What is 941 + -916 - (-13 + 0) - -26?
64
What is the value of (37 - (-35 + 50)) + -57?
-35
Calculate 0 + -16 + (-16 - (-12 + (1 - 19))).
-2
-5 + (4 - -67) + (-23 - -11 - -25)
79
Calculate 8 + -7 - (-8 + 5 + 8 + -4 - 20).
20
48 + 35 + -148 + 144
79
Evaluate -11 + (-173 - -8 - (-36 - -3)).
-143
What is the value of 8 - 1 - (-14 + (5 - (-24 - -8)))?
0
What is -32 + (24 - -18) - (-2 + -4)?
16
Evaluate -14 + -7 + 30 - (-4 - -70).
-57
(5 - 2) + -17 - (-23 + (38 - 5))
-24
(-2861 - -2853) + (0 - ((-3 - 1) + (5 - 3)))
-6
What is the value of -93 + 25 + -6 + (9 + -14 - (-4 - 0))?
-75
Evaluate 46 - 11 - (4 + -20 + 5).
46
Calculate 32 + -18 + 41 + -56 + (-11 - -1).
-11
Evaluate 37 + -14 - 16 - (-1 + -13).
21
2 + (1 + 0 - (-2 - -5)) + 24 + -27
-3
Evaluate -13 - (6 - -1 - (63 + -49)).
-6
Evaluate (-1295 - -1304) + (1 - (0 - 8)) + -49.
-31
-16 - -5 - (4 + (0 - 7 - (-7 - -26)))
11
What is 6 - (13 + -33 + (-32 - -11))?
47
What is (-11 - ((55 - 69) + 3 + 2)) + (2 - -41)?
41
Calculate -82 + (64 + -80 - -137).
39
Evaluate 22 + 14 + -8 + 13.
41
What is the value of 18 + (-4 - 16 - -10) - -28?
36
Calculate ((7 + -10 - -28) + -17 - 10) + -63.
-65
Evaluate 18 + 20 + 12 + -12 + (2 - 1 - -1).
40
What is (0 - -22) + 66 + (32 - 97)?
23
What is the value of (2 + 1 - 1) + -5 + 33 - (36 + -33)?
27
Evaluate -1 - (-8 + -4) - (4 + -11 + 30).
-12
(0 - (4 - 3 - 5) - (141 - 136)) + 24
23
50 + -79 + 54 + (42 - 9)
58
(6 - -38) + -6 + (25 - 13) + -15
35
Calculate (39 - (7 - (11 + -25))) + -20.
-2
Evaluate 40 + -1 - (-124 + -22 + 187).
-2
Evaluate 57 + (2 - 2 - 60) + (1 - 9).
-11
14 + (-56 - 2) + -23
-67
What is the value of -13 - -42 - (22 + -31)?
38
Evaluate (86 - (70 + 14)) + 35 + 1.
38
What is 26 + (-69 - -51) - (-2 - -26)?
-16
Calculate -21 - -15 - (-7 - 4).
5
What is the value of (-36 + -77 - -48) + 8?
-57
What is the value of 63 - 57 - -12 - (-18 - -1)?
35
Evaluate 24 + -19 + -23 + 45.
27
What is the value of (101 - 37) + -58 + 10?
16
What is the value of (-2 + 8 - -1) + 490 + -443?
54
Calculate -28 - (-96 + (-84 - -194)).
-42
What is the value of 76 + (-120 - -105) + 17?
78
Evaluate 16 + (31 - 21) + (-37 - (3 + -2)).
-12
Calculate -6 + (-10 - -11) + (5 - (-7 + -6 + 12)).
1
Calculate -432 + 439 + 10 + -39.
-22
Calculate (-397 - -391) + (-2 - -5 - (-71 - -2)).
66
Evaluate -156 - (29 + 44 - 211).
-18
What is the value of -6 - ((-10 - 0) + 35 + -75 + 42) - 135?
-133
(-5 - (-5 - 9)) + 12 - 38
-17
Evaluate -34 - (-13 + 18 - (4 - (-5 - (1 - 3)))).
-32
What is 2 - ((35 - 38) + -50 + 9 - (2 - -3))?
51
What is the value of 4 + (2 - (4 + 6)) - ((-56 - 4) + 3)?
53
What is the value of 49 + -33 + -24 + 10 + 5?
7
What is 14 + -3 + -1 - (7 + 1) - 0?
2
246 - (-135 + (365 - 95))
111
What is 2 + -3 + 4 - (-95 + 112)?
-14
What is -58 + -2 - (-7618 - -7597 - (-27 - (-2 - -1)))?
-65
Calculate (34 - 9) + (-10 - (-50 + 13)).
52
Evaluate -2 + 34 + (63 - (-18 - -75)).
38
What is the value of (6 - (4 + -1)) + -3 + 1 + (1170 - 1180)?
-9
-8 - 0 - ((-6 - 6) + 30 - -11)
-37
Evaluate (39 - -14 - -9) + -25 + -3.
34
Evaluate (11369 - 11396) + (31 - (-2 + 3)).
3
What is the value of 23 + 94 + (-219 - -65)?
-37
13 + (3 - 86 - 10) + 0 + 7
-73
Calculate -33 + 66 + -91 + (20 - 10).
-48
Evaluate (-1 - 0) + 0 + 61 + (-126 - -129) - -9.
72
Calculate (2 - (0 + -3 + 2)) + 1 - (772 - 786).
18
What is the value of -22 - (30 + -26 - 51)?
25
What is -18 + (-26 + 16 - -44) + -25 + -32?
-41
Evaluate 9 - 24 - (-13 - 0 - (-157 - -155)).
-4
What is 1 + 39 + -2413 + 2420?
47
What is -6 - -3 - ((-12 - -25) + -36 + 72)?
-52
Evaluate 8 + -13 + (-13 - 6) + 56.
32
78 + (-22 + -22 - (-7 - 9))
50
What is the value of -1 + 49 - (-7 + 2 + (-22 - -33)) - 3?
39
What is the value of (-22 - -39) + -1 + -10?
6
What is the value of (79 - 137) + 129 - 14?
57
Evaluate (2 + 19 - (56 + (17 - 54))) + (19 - -1).
22
(19 - 154 - 33) + 54 - (-1 + -14)
-99
Calculate -16 - -11 - (67 - 125).
53
What is the value of 36 + -59 + -53 + 7?
-69
Calculate 15 + -2 - (20 - (-9 - (-27 - -3))) - -63.
71
2 + (-3 - 0) + 10 + (88 - -107) + -193
11
Calculate -39 + -121 + (-138 - -288).
-10
Calculate (-1 - -7 - 40) + 124 + -155.
-65
What is 17 + 12 + -49 + 22 - (2 + (-71 - 0))?
71
Evaluate -21 + (-16 - -46) + -17 + (59 - -1).
52